= x + 4. Is t composite?
False
Suppose -4*l + 3*l + 263 = 0. Is l composite?
False
Let b be (-2 - -2 - 1)*-3. Suppose 0 = -b*w + 184 - 19. Is w prime?
False
Suppose 0 = -4*h - 0*h + 24. Let b(z) = 3 + z**2 + 3*z - z - 2 - 4*z. Is b(h) a composite number?
True
Let g(s) = -s**2 - 6*s + 9. Let q be g(-7). Suppose -4*x = o - 39, 4*x = 3*o + q + 41. Is x prime?
False
Suppose 5*c = 2*w + c, 0 = -3*w - 2*c + 16. Let u be w/3*(2 + 1). Suppose -75 = -n - u*n. Is n a prime number?
False
Let m = -2524 - -3573. Is m a composite number?
False
Let q(g) = -3*g**2 - 4*g + 5*g**2 + 0 - 6 - 1. Is q(-6) a composite number?
False
Let f(n) = -83*n + 25. Is f(-3) composite?
True
Suppose r + c - 6*c = 2972, -2970 = -r + 4*c. Is r a prime number?
False
Suppose -4*m = d + 21, d + 3*m + 7 = -11. Is (-68)/(-3) + 6/d composite?
True
Let w(l) = l**2 + 7*l - 4. Let y be ((-4)/(-14))/((-3)/(-21)). Suppose 0 = y*h - h + 9. Is w(h) a prime number?
False
Let p be 0/(-6 + 3) - 2. Let i(c) = -209*c + 1. Is i(p) a prime number?
True
Is 1 - 3/((-3)/1186) a prime number?
True
Let b(s) = 13*s**2 + 12*s + 4. Is b(-5) composite?
False
Suppose -5*f + 0*j + 12470 = -3*j, -4*f + 9993 = j. Is f prime?
False
Let k be 5*18/5*3. Suppose 334 = 8*i + k. Is i composite?
True
Let u(a) = a**3 + 5*a**2 + 2*a - 4. Let p be u(-4). Suppose 5*o - 5*m = -3860, -p*o - 3*m - 2*m = 3070. Is ((-1)/2)/(7/o) a prime number?
False
Let h = 410 - -9. Is h composite?
False
Let t(c) = -5*c**2 + 2*c + 2*c**3 + 1 + 10*c**3 - 8*c**3. Is t(4) composite?
True
Suppose 35 = -d - 15. Let k be (36/(-10))/(2/d). Suppose 4*q - 4*y = 124, -2*y - 42 = -4*q + k. Is q a composite number?
True
Let w be (-36)/(-8)*(-40)/(-6). Suppose -6*k + w = -3*k. Is k composite?
True
Suppose 4*j + 45 = 5*g, 3*g - 4*j - j - 40 = 0. Suppose -2*q = g*o - 13, -o - 2*q = q. Suppose o*w - 1 = -4, 5*z - 2*w - 1057 = 0. Is z a prime number?
True
Let w = 7 - 3. Suppose -5*u = z - 4*u - 2, z = 4*u + 7. Let n = z + w. Is n prime?
True
Suppose 0*r = 3*z + 5*r + 97, -4*r = -z - 38. Let x = -57 - z. Let t = 56 + x. Is t a composite number?
True
Let n be 1 - 12/(4/(-2)). Let b(s) = 8*s - 3. Let l be b(n). Suppose 122 = 5*o - l. Is o a prime number?
False
Let k be 2512 + ((-2)/1)/2. Suppose -m = 5, -4*d + k = 5*m + 860. Is d composite?
False
Suppose -5*y + 49 = -36. Let l = 60 - y. Is l prime?
True
Let y = 6 - 2. Is (-3 - -1)*(-238)/y a prime number?
False
Is (-9339)/(-21) + (-4)/(-14) prime?
False
Let y(t) = 7*t**2 - 4*t + 4. Let c = -6 - -9. Is y(c) a prime number?
False
Let z = 3 + -1. Suppose -o - 19 = -z*o. Is o a prime number?
True
Let g = -14 + 41. Suppose 4*y - g = -3*x, x + 0 = -y + 8. Let u = 5 - y. Is u composite?
False
Let v(u) = -u**2 - 9*u + 13. Let n = -5 + -4. Is v(n) a composite number?
False
Let z = 830 + -230. Suppose m = -95 + z. Is m composite?
True
Is 63*13 + -2 + 4 a prime number?
True
Suppose 0 = 2*b - 6*a + 5*a + 5, 5*b + 10 = 3*a. Let z(p) = -5*p + 6*p**2 - p**2 + 2 + 4 + p**3. Is z(b) a composite number?
False
Let q(u) = -u**3 - 5*u**2 + 5*u - 7. Let k be q(-6). Let n be k/2 - (-68)/8. Suppose 0 = 2*z - n, z - 24 = -3*i - 2*i. Is i a prime number?
False
Is 1 - -196 - (-18)/(6/(-1)) composite?
True
Is (-2)/(-6) - 39450/(-45) a prime number?
True
Let o be (-748)/(-36) - (-2)/9. Let z = 12 + o. Is z prime?
False
Let v = -746 + 1425. Is v prime?
False
Let j(k) = k - 5. Let h be j(8). Suppose -h*v = m - 10, 0*v = -3*v - 2*m + 8. Suppose v*w = -w + 35. Is w a composite number?
False
Is (-200)/12*-6 - -3 a composite number?
False
Let s = 8 + -8. Suppose s*b = -4*b + 572. Is b composite?
True
Suppose 0 = -x - 5*n + 30, 0*x + 4*n = x - 48. Suppose 6*a - 195 = a. Let z = a + x. Is z a composite number?
False
Suppose -158*n = -164*n + 72330. Is n composite?
True
Let y(h) = 6*h - 7*h - 25*h - 11. Is y(-5) a prime number?
False
Suppose z + 2*z - 5*m - 653 = 0, 5*z + 2*m = 1109. Is z composite?
True
Let z(l) = l**2 + 7 + 6*l - l**3 - 10*l**2 + 0*l**2. Let n be z(-6). Let r = n + 222. Is r composite?
True
Let o(g) = 25*g**2 + 2*g - 1. Let u be o(-4). Let p = 566 - u. Suppose -3*c + p = 2*c. Is c a composite number?
True
Suppose -3*k + 17 = 2*b - 3*b, 0 = 3*b + 2*k - 4. Is 2/((-1)/83*b) prime?
True
Let r(m) = 65*m**2 + 3*m + 3. Let f be r(-2). Let s = f + -171. Suppose 200 = 5*n - 2*k + 4*k, -2*k + s = 2*n. Is n a prime number?
False
Let y be 6/9 + (-69)/9. Let f(i) = i**2 - i + 1. Is f(y) a prime number?
False
Suppose 5*s - 425 = -160. Is s a composite number?
False
Is (-5 - -6)*(2 + 491) a composite number?
True
Suppose 2*h + 4 = 4*h. Let y(s) = 4*s**2 - 4*s. Let v(u) = -u**2 + u + 1. Let k(g) = 2*v(g) + y(g). Is k(h) a composite number?
True
Let p(o) = -7*o**3 - o**2. Let b be p(1). Is (-6)/b + (-10010)/(-40) prime?
True
Let p be ((-15)/25)/(2/(-10)). Suppose -p*s - 2*s + 263 = -4*a, s - 53 = a. Is s a prime number?
False
Let s = -538 + 359. Let l = 310 + s. Is l composite?
False
Suppose 4*y - 2589 = o, -5*y - 4*o + 3231 = -0*o. Is y composite?
False
Let k = 456 - 1090. Let g = 891 + k. Is g a prime number?
True
Let f(c) = -2*c - 121*c**3 + 116*c**3 - 3*c**2 + 1 + 0*c. Let v be (-32)/18 - (-4)/(-18). Is f(v) composite?
True
Let q be 2/8 - 21/(-12). Suppose 2*u + 3*u + 20 = -3*c, 23 = q*u - 5*c. Is -2 + 1 + 187 + u prime?
False
Suppose 2*x = 5*w - 37, 2*w + 2*w + 2*x - 26 = 0. Suppose 275 + 645 = 2*n. Suppose -n = -w*m + 3*m. Is m composite?
True
Let v(k) = 4*k - 3. Let y be ((-18)/2)/(3/(-2)). Is v(y) a prime number?
False
Let w(u) = 39*u + 3 - 9*u - u. Is w(10) a composite number?
False
Suppose 2*n - 948 = 6*n. Let a = 400 + n. Is a composite?
False
Is 4/22 + (-720)/(-33) prime?
False
Let m = 6 + -6. Suppose -1067 = -4*y + d, -4*y + 7*y - d - 799 = m. Suppose -y = -b - 3*b. Is b composite?
False
Let q(h) be the first derivative of -h**3/3 + 7*h + 1. Let c = 0 + 0. Is q(c) a prime number?
True
Let b(a) = -a**2 + a. Let p(f) = -95*f**2 + 5*f - 1. Let g(s) = 4*b(s) - p(s). Let o be g(1). Suppose 0 = 5*i - 64 - o. Is i a prime number?
True
Let g be (0 + 0)/(4 + -2). Suppose g = 5*p - 4*u - 85, -3*p - 2*u = -6*p + 53. Is p a prime number?
False
Suppose 0 = -3*t + 17 - 5. Suppose t*p - 206 = 3*r, 3*p - 63 - 90 = 3*r. Is p composite?
False
Suppose -3 - 5 = -2*y. Let z(g) = g - 4. Let m be z(y). Let j(x) = x + 37. Is j(m) composite?
False
Suppose 4*m + 4 = -8. Is (-4 + 3)/(m/21) composite?
False
Suppose 0*x - 2*x = 3*j - 369, -5*j - 3*x = -614. Is j prime?
False
Let o(f) = 12*f - 5 - 4 - 1 - 1. Is o(10) a composite number?
False
Let x be -53 - (9/3 - 1). Suppose -258 = 3*v + 3*t, -t - 344 = 4*v - 3*t. Let l = x - v. Is l a composite number?
False
Let a = -61 - -30. Let f = 15 - a. Is f composite?
True
Let p(v) = -v**3 - 7*v**2 - 11*v + 3. Let l be p(-6). Let k = 274 + l. Is k composite?
False
Let d(k) = -k**3 + 3*k + 2. Let j be d(-2). Let i(l) = l**2 + 6*l - 3. Is i(j) a composite number?
False
Let i(q) = 5*q + 13. Let c be i(-7). Suppose 2*r + 1 = -5. Is c/1*r/2 a prime number?
False
Let k = 3 - 0. Suppose -2*t - 19 = -k*t. Is t a prime number?
True
Suppose -4*f + 2*l + 170 + 194 = 0, 3*f + 3*l = 273. Is f a prime number?
False
Let l = 81 - -170. Is l a composite number?
False
Let s(x) be the third derivative of x**7/1680 - x**6/720 + x**5/30 - 3*x**2. Let q(z) be the third derivative of s(z). Is q(5) a composite number?
True
Suppose 0 = o + 98 - 6. Let i = 159 + o. Is i prime?
True
Suppose 10 + 0 = 5*v. Suppose 0 = -3*r + 2*a + 27, 0 = 3*r + v*a - 43 + 4. Is r a prime number?
True
Is 655 + 15 + 3 + 0 a composite number?
False
Let u(z) = z**3 - 5*z**2 - 5*z - 4. Let c be u(6). Suppose -2*t + 47 = s + 8, -s + c*t = -31. Is s a prime number?
False
Let n(u) = -2*u**3 - 10*u**2 + 13*u + 19. Is n(-8) prime?
False
Let f(l) = l**3 - 24*l**2 + 7*l - 29. Is f(24) prime?
True
Let w(r) be the third derivative of 17*r**4/12 - 13*r**3/6 - 4*r**2. Is w(5) composite?
False
Let d be 2/(-9) - (-2974)/18. Let y = d + -3. Is (-3)/(-4) + y/8 composite?
True
Suppose 0*p + p - 2 = 0. Suppose -t + 195 = p*t. Is t composite?
True
Suppose 2*f + 2*p = 1156, -5*f + 2*p + 2900 = 5*p. Is f prime?
False
Let o = 97 - -52. Is o a composite number?
False
Let w = 5296 + -2069. Is w a composite number?
True
Suppose 0 = p + 2*w - 51, 3*p + 41 - 206 = -3*w. Is p prime?
True
Let b 